e prime factors of h?
2, 3, 13
Let f be 21 - (15/5 - 6). Let c be (-64)/(-6)*54/f. Suppose -c = -41*a + 39*a. What are the prime factors of a?
2, 3
Let r = -67753 - -107630. List the prime factors of r.
39877
Let x(d) = 5*d**2 + d + 5. Let b be x(5). Suppose 209*p - 176*p + 1980 = 0. Let n = b + p. What are the prime factors of n?
3, 5
Let f(d) = -181*d**3 + 15*d**2 + 31*d + 172. What are the prime factors of f(-6)?
2, 11, 1801
Suppose -3*b = -3*j - 39297, 3*b + 3*j - 31656 = 7611. List the prime factors of b.
2, 6547
Let r = 387 + -165. Let m be (678/8)/(5 - r/48). Let q = m - 148. What are the prime factors of q?
2, 3, 13
What are the prime factors of (-2)/(-20) + (-569601)/(-90)?
6329
Let k be 5 + (6014/4 - 11/22). Suppose 2*d = 6*d - k. What are the prime factors of d?
13, 29
Let i(x) = 25*x**2 + 41*x + 144. List the prime factors of i(32).
2, 19, 89
Let z(s) = 7*s + 3. Let f be z(-8). Let n(g) = g**2 - 10*g + 71. Let q be n(8). Let c = q + f. What are the prime factors of c?
2
Suppose -715 = -k - 4*z + 2*z, 2*k - 1430 = 5*z. Suppose k = 8*i - 10365. List the prime factors of i.
5, 277
Let y(p) = 25*p**2 + 32*p + 178. What are the prime factors of y(-16)?
2, 3, 337
List the prime factors of (-402)/335 + 2 + (-27951)/(-5).
5591
Let p(o) = -2*o**2 - 66. Let k be p(0). Suppose -m = -2*m + 112. Let s = m + k. List the prime factors of s.
2, 23
Let h(i) = i**3 - 6*i**2 + 6*i + 2. Let a be h(5). Suppose n - 25 = 2*t, -4*n = -2*t + a*t - 35. What are the prime factors of n?
3, 5
Let f(m) be the first derivative of m**4/4 + 20*m**3/3 - 5*m**2/2 - 8*m + 9. List the prime factors of f(-6).
2, 263
Let u be 10/5*-1*(-74)/(-4). Let f = 39 + u. Suppose 2*z = -p + 42, 2*z - f*p = z + 31. What are the prime factors of z?
23
Let r = 1725 - -3918. Suppose 4*z = 5*k - 5300, 4*k - r = 3*z - 1404. What are the prime factors of k?
2, 3, 11
Suppose -2*z + 4*p + 154562 = 0, -2*z + 54610 + 99949 = -p. List the prime factors of z.
77279
Suppose -36*s + 133313 = -173371. List the prime factors of s.
7, 1217
Suppose 0 = 45*b - 67402 - 44738. What are the prime factors of b?
2, 7, 89
Let a(s) be the third derivative of s**5/60 + s**4/24 - 5*s**3/6 - 964*s**2. Let k be ((-2)/4)/((-2)/40). What are the prime factors of a(k)?
3, 5, 7
Let d(q) = -15*q - 3182 + 3239 - 3*q. List the prime factors of d(-8).
3, 67
Let m = 622 + -241. Suppose -8*v + 3821 = m. Suppose -2*d + v = 3*d. What are the prime factors of d?
2, 43
Let i = 32435 - 15233. List the prime factors of i.
2, 3, 47, 61
Suppose -23*b = 26*b - 53*b + 54268. What are the prime factors of b?
13567
Let i(r) be the third derivative of -11*r**4/4 - 4*r**2 + r. Let h(f) = f - 9. Let u be h(8). What are the prime factors of i(u)?
2, 3, 11
Let z be (285/(-4))/((-1)/4). Let h = 424 + -418. Suppose -l - z = -h*l - 3*o, 5*o + 265 = 4*l. What are the prime factors of l?
2, 3, 5
Let m(c) = -2366*c + 15. What are the prime factors of m(-1)?
2381
Let n = -21349 + 42250. What are the prime factors of n?
3, 6967
Suppose 25*n - 912012 + 47212 = 0. What are the prime factors of n?
2, 23, 47
Suppose -r + 216813 = -2*x + 6*x, -2*r = 6. List the prime factors of x.
2, 3, 4517
Let a be (-14 - -22)*(-1)/2. What are the prime factors of (-4)/(-18) + 39083/99 + a?
17, 23
Suppose -5*y + 5 = 0, -4*h + 57*y + 30350 = 55*y. What are the prime factors of h?
2, 7, 271
Let u(a) = -7*a**3 + 4*a + 2 + 4*a**3 - a + 2*a**2. Let f be (16 - 4)/(-6) - (2 - 1). What are the prime factors of u(f)?
2, 23
Suppose -16*d = -11*d - 3*t + 306, d = -5*t - 78. Let z = 76 + d. List the prime factors of z.
13
Let w = -27953 - -30207. What are the prime factors of w?
2, 7, 23
Let n = 178 + -89. Suppose 3*g = 4*g - n. What are the prime factors of g?
89
Let o(m) = m + 5 - 3*m**2 + m**2 - 6*m**2. Let l(t) = -17*t**2 + 2*t + 11. Let a(j) = 2*l(j) - 5*o(j). What are the prime factors of a(-3)?
2, 3
Suppose 21*q - 50419 = 100760. List the prime factors of q.
23, 313
Let p be (-25 - -24)/(-3 + (-2)/(-1)). Let m be 443 - p - (4 - 8). Let b = -305 + m. What are the prime factors of b?
3, 47
Let l(n) = -7*n + 128. Let a be l(18). Suppose a*k = 26 - 18, -3*y + 2426 = -4*k. List the prime factors of y.
2, 11, 37
Suppose -3*s + 25*c + 36 = 22*c, 0 = -2*s - 3*c + 14. List the prime factors of (-42)/105 - -358*3/s.
107
Suppose 5*u = -232*g + 228*g + 143979, -2*u = -6. List the prime factors of g.
3, 31, 43
Suppose -39 + 239 = -8*a. List the prime factors of 2/(-5) + (-2435)/a + -2.
5, 19
Suppose x - 25847 = -4*v, -2*v + 5*x + 1143 + 11764 = 0. List the prime factors of v.
7, 13, 71
Let k be (-7502)/88*(-4)/(3 - 4). Let o = 630 - k. List the prime factors of o.
971
What are the prime factors of (-1837)/(-167) - -10*3548?
35491
Suppose -4 + 5 = c - 5*p, 0 = -2*p. List the prime factors of (c - 0)/(3801/1266 + -3).
2, 211
Suppose -3*g - n - 63 = 0, 2 = -n + 5. What are the prime factors of -986*(78/273 - g/(-28))?
17, 29
Let h = -1007 - -763. List the prime factors of (-420)/(-5)*(h/(-16) + -1).
3, 7, 19
Let c be 16/6 + -4 - 7311/(-9). Let k = c - 104. Suppose 92 - k = -5*h. What are the prime factors of h?
3, 41
Let a(o) = -8*o**2 - o + 4. Let x be a(2). Let n be 2/3 + 140/x. Let t(k) = -5*k - 2. List the prime factors of t(n).
2, 3
Suppose 31*a + 287707 = 871344. List the prime factors of a.
67, 281
Let m = 75 + -70. Let j(o) be the third derivative of 7*o**5/60 - 11*o**4/24 - 2*o**3/3 - 4*o**2. List the prime factors of j(m).
2, 29
Suppose 977 = 3*x - 2*i, 3*x - i = 998 - 16. Let q = x - 23. List the prime factors of q.
2, 3, 17
Let x be 54/45*10/(-4) - 11. Let p = x + 123. Suppose 3*i = -4*k + 81, 4*i = 7*k - 2*k - p. What are the prime factors of k?
3, 7
Let w(a) = 9*a - 4. Suppose 4*z = -3*y + 15 + 5, -15 = -y - 3*z. Suppose y = -2*u - 2, -5*j + 27 = -2*j + 3*u. List the prime factors of w(j).
2, 43
Let v be 15/9*15/(-5). Let l(x) = x**2 + 8*x + 12. Let d be l(v). What are the prime factors of d*(-3 - 148/6)?
83
Suppose 5*o - 4*y - 1505 = -3*y, y = 4*o - 1203. Let r = o + 757. List the prime factors of r.
3, 353
Let j = 1228 - -19640. List the prime factors of j.
2, 3, 37, 47
Let n = 6583 + -4673. List the prime factors of n.
2, 5, 191
Suppose -111*j = -169*j + 2253648. What are the prime factors of j?
2, 3, 1619
Let o(l) = -l**2 + 1. Let g(m) = -152*m**3 + m**2 + 2*m + 2. Let t(u) = g(u) - o(u). List the prime factors of t(-1).
3, 17
Suppose -2*k - 6 = 3*b - 4, 3 = 4*b - 3*k. Suppose -5*y - 3*d + 108 = -149, 2*y - 2*d - 90 = b. What are the prime factors of y?
7
Suppose 4750 = x - 2*n, 4*x + 4*n + 3656 = 22752. List the prime factors of x.
2, 2383
Let w be 2 - (227 - (9 - 6)). Let u = w - -416. What are the prime factors of u?
2, 97
Let v(l) = 6*l - 24. Let y be v(5). What are the prime factors of (-37)/((3/y)/((-187)/22))?
17, 37
Let g = 4046 + -1892. What are the prime factors of g?
2, 3, 359
List the prime factors of 8876 - 1/4*4 - -5.
2, 3, 5, 37
Let d(w) = 22 + 264*w**3 - 3*w + 43*w**2 - 262*w**3 - 8. What are the prime factors of d(-21)?
2, 7, 37
Let h(x) = -4*x**2 + 4*x - 28. Let g(u) = -3*u**2 + 3*u - 19. Let p(j) = -7*g(j) + 5*h(j). Let d be p(-2). What are the prime factors of d/(3/(-470 + -1))?
157
Suppose 4*j - 4 = -0*j - z, 4*j - 20 = 3*z. Let a(o) be the first derivative of 59*o**2 + 6*o + 23. What are the prime factors of a(j)?
2, 11
Let g = -165 + 151. List the prime factors of (-4)/g + 207402/273.
2, 5, 19
Let c be (36/10)/(37/20 + -2). Let p = c - -35. Let d = p - -11. List the prime factors of d.
2, 11
Let x(n) = -13*n**3 - 17*n**2 - 18*n + 21. What are the prime factors of x(-8)?
3, 7, 13
Let p(w) = -317*w**3 - w**2 - 6*w - 4. Suppose -5*v + 3 = 8. What are the prime factors of p(v)?
2, 3, 53
Let a = -54 + 41. Let g be (-50)/a + (-8)/(-52). List the prime factors of 131 - (4 - (-3 + g)).
2
Let m be -5 - (-13)/(26/114). Suppose 0 = 3*u - 3*w - 1395, 942 = 2*u + 53*w - m*w. List the prime factors of u.
7, 67
Suppose -4*f + 80448 - 225716 = -4*b, 0 = -5*b + 4*f + 181583. What are the prime factors of b?
3, 5, 269
Let y(g) = -80*g + 163. Let i(h) = 5*h - 186. Let x be i(35). What are the prime factors of y(x)?
7, 149
Suppose -132*y + 3*p - 53146 = -133*y, -y + 53191 = -2*p. List the prime factors of y.
53173
Suppose 25*v - 1684352 = -35*v - 68*v. What ar